+ 475 = 160. What are the prime factors of z?
3, 5, 7
Let q be (-4)/1*-5 + -3. Suppose -2*c = -c - q. Let h = c + -12. What are the prime factors of h?
5
Let k(r) = r**2 - 3*r - 7. Let j be k(5). Suppose -3*d + 2*d = m - 2, -d - j = 0. Suppose -m*y + y - 4*z = -64, 2*z + 45 = 5*y. What are the prime factors of y?
11
Let g = 1 - 5. Let u be (-1)/3 + g/6. What are the prime factors of u/(1*2/(-24))?
2, 3
Let u(w) = -7*w**2 + w**3 - 2*w**3 - 3*w + 5*w**2 - 5*w**2 + 7. Let i be u(-7). Suppose -3*d - 4*q + 2*q + i = 0, d = 4*q + 14. List the prime factors of d.
2, 5
Suppose -3*v = 2*v - 580. Suppose -2*j - 3*m = -40, j + 3*m + v = 5*j. List the prime factors of j.
2, 13
Let a be (38/4)/(2/28). Suppose -2*g = -o - a, -4*o - 193 = -3*g - 1. Suppose -4*c - 28 + g = 0. What are the prime factors of c?
2, 5
Let d be 4*-4*(-9)/4. Suppose 2*m + 2*m - d = 0. List the prime factors of m.
3
Let w = 655 + -459. What are the prime factors of w?
2, 7
Let o be 2 - 3/6*-6. Suppose -2 = 4*u - o*u. List the prime factors of u.
2
Let z(u) = 3*u**2 + 6*u + 9. List the prime factors of z(-5).
2, 3
Let i(w) be the third derivative of w**4/12 + w**3/2 + 2*w**2. Let q be i(8). Suppose 5*l = 3*x + 25 + 46, -l + 3*x + q = 0. List the prime factors of l.
13
Suppose -3*x + 100 = -32. What are the prime factors of x?
2, 11
Let j = 109 - 73. What are the prime factors of j?
2, 3
Let a be 2 - 4 - 1*-9. Let n be -1 - 7/((-21)/(-18)). What are the prime factors of 2/n + 149/a?
3, 7
Let o = -12 - -25. List the prime factors of o.
13
Let g = -5 + 14. Let i = 21 - g. What are the prime factors of i?
2, 3
Let g(t) = t**2 - 10*t + 7. Let v be g(8). Let d = 26 + v. List the prime factors of d.
17
Let f = -23 + 62. What are the prime factors of f?
3, 13
Suppose -9 = -4*v + 11. Suppose v*i = -q - 18, 2*i - 20 = -2*q + 6*i. List the prime factors of (q/(-4))/((-4)/72).
3
Let u = 7 - 3. Suppose -5*r + u*n = -15 + 80, 5*n = -4*r - 11. Let j = r + 23. What are the prime factors of j?
2, 7
Suppose 5*j = -90 + 335. What are the prime factors of j?
7
Let p(s) = s**3 - 3*s**2 - 1 - s - 5*s + 0*s**2. What are the prime factors of p(5)?
19
Suppose 0 = 5*f + 4*u + 12, -f - 3 = 3*u - 2*u. Suppose -3*o - 5*x + 18 = f, 0*o + 5*x = o - 26. List the prime factors of o.
11
Let u be (24*-2)/(6/(-4)). Suppose u = 4*m - 4*q, -3*m + 6 = -6*m - 3*q. Suppose -y - 4*y = 5*j - 55, m*j - 4*y - 47 = 0. What are the prime factors of j?
13
Let y(x) = -3*x**3 + x**2 - 7*x + 2. List the prime factors of y(-4).
2, 7, 17
List the prime factors of 4 + 1/((-3)/(-216)).
2, 19
Let j(d) = 2*d - 4. Let o(y) = y - 4. Let g(t) = 2*j(t) - 3*o(t). Let b be g(-3). What are the prime factors of 6/b + (-4)/2?
2
Let y = -5 + 8. Suppose -44 = -3*v + 4*z, -v + z + 8 = y*z. List the prime factors of (-30)/(-4)*v/9.
2, 5
Let s = -14 + 30. Let c = s + -2. List the prime factors of c.
2, 7
Let t(a) = -5*a**3 - a**2 - a + 2. Let u be t(-2). Suppose 2*z - 116 = -u. List the prime factors of z.
2, 19
Let k = -66 + 188. List the prime factors of k.
2, 61
Suppose 11*h - 2*h = 1206. What are the prime factors of h?
2, 67
Let z(x) = -x + 3. Let v be z(4). Let s = -5 - v. Let j = s + 27. What are the prime factors of j?
23
Let n(i) = 9*i**2 + 2*i + 1. Let z = -2 - -2. Let u be 0 + (-3 - -2) + z. List the prime factors of n(u).
2
Let i = 13 - 11. List the prime factors of 1 - (2 + -20) - i.
17
Suppose -4*y = 5*s - 160, 5*s - 3*y - 200 = y. Suppose 3*b - s = b. What are the prime factors of b?
2, 3
Let j = 31 + -1. What are the prime factors of j?
2, 3, 5
Let u = -10 + 10. Suppose u*l = l - 5. What are the prime factors of l?
5
Suppose -3*x + 3*n + 92 = 2*n, -91 = -3*x + 2*n. Suppose -57 = -3*b + r, 0 = 2*b - r - 2*r - x. What are the prime factors of b?
2, 5
Suppose -2*i + 294 = 5*i. What are the prime factors of i?
2, 3, 7
Let r(x) = x**3 - 8*x**2 - 8*x - 3. Let p be r(9). Suppose p*k - 55 = k. What are the prime factors of k?
11
Suppose 4*f - c = c + 6, 0 = f - 2*c - 9. Let n = f + 5. What are the prime factors of (16/6)/(n/6)?
2
What are the prime factors of 4 - 2 - (1 - 3)?
2
Let p(u) = -u**2 + 9*u - 10. Let c be p(7). Suppose 0*j + 96 = 4*o + 4*j, 2*j = -c*o + 106. What are the prime factors of o?
29
Let f(d) = -d + 8. Let o be f(0). Let p(m) = -2*m + 3 + 1 - o - 10. What are the prime factors of p(-10)?
2, 3
Let h(z) be the first derivative of -z**2/2 + 10*z + 2. Let r be h(5). Suppose 2*o - 34 = -t, -r*o - 3*t + 7*t + 59 = 0. List the prime factors of o.
3, 5
Let c(n) = -3*n + 2. Let u be (12/(-8))/(2/4). List the prime factors of c(u).
11
Let w = 69 + -45. What are the prime factors of w?
2, 3
Suppose -q - 1 = 2. Let r(v) = -2*v - 1. Let n be r(q). Suppose -2*c + 4*w + 28 = 0, -n*w - 41 = -3*c - 0*w. List the prime factors of c.
2, 3
Suppose 13 = -3*x + m + 33, -3*x + 4 = -5*m. Suppose -l - 2 = -x. What are the prime factors of l?
2, 3
Let r be (-2260)/(-25) + (-4)/10. Suppose 3*z - 9*z + r = 0. What are the prime factors of z?
3, 5
Suppose -25 - 1 = -i. Suppose 0 = -4*x + 10 + 6. Suppose -5*v = o + 4*o - 35, 0 = x*o + 3*v - i. What are the prime factors of o?
5
Let p be (2 - 3) + 1 - 0. Suppose 0 = j + 2*j + c - 22, j + 3*c - 18 = p. List the prime factors of j.
2, 3
Let h = -18 - -21. Let o(i) = 0*i + 3*i - 1 + 0. List the prime factors of o(h).
2
Suppose 1 - 5 = 4*q. What are the prime factors of 352/12 + q/3?
29
Let r(g) = -g**3 + 6*g**2 + 2*g - 5. Let y = 19 + -13. What are the prime factors of r(y)?
7
Suppose n - 5*n + 8 = 0. Suppose 3*b + 10 = n*z - 0, -4*z = -5*b - 24. List the prime factors of z.
11
Suppose -i - 240 = -5*d + 4*i, -2*i + 51 = d. What are the prime factors of d?
7
Let a(q) = -q + q**2 + 6 - 14 + 4*q**2 - 4*q**2. What are the prime factors of a(6)?
2, 11
Suppose -20 = -2*m - 0*m - 3*t, -3*m + 3*t = -60. Suppose -w + 5*k = -m, -5 = 3*k + 2*k. What are the prime factors of w?
11
Let x(i) = 3*i + 39. List the prime factors of x(26).
3, 13
Suppose 0 = -2*c - 3*c + 30. Let t(j) = j**2 - 5*j - 5. Let v be t(c). Suppose 9 - v = p. What are the prime factors of p?
2
List the prime factors of (-2)/9 + -1 + (-137)/(-9).
2, 7
Let y(j) = 6*j - 20. What are the prime factors of y(12)?
2, 13
Suppose 5*i = -20 - 15. Let v = i - -16. What are the prime factors of v?
3
Suppose 5*d + 5*m = 95, -5*d + 45 + 15 = -2*m. Let j be 6/21 + 206/d. Suppose -3*f = 2*r - 8*f - j, 2*f + 2 = 0. What are the prime factors of r?
5
Let s(m) = -8*m**2 - 8*m + 5. Let q be (-56)/10 + (-10)/25. Let n(r) = -7*r**2 - 8*r + 4. Let l(c) = q*s(c) + 7*n(c). List the prime factors of l(-7).
5
Suppose -32 = 2*i + 2*i. Let o(n) = -n - 4. Let j be o(i). List the prime factors of j/(-14) + 44/7.
2, 3
Suppose -6*c + 2*c + 395 = 3*w, -2*c - 401 = -3*w. What are the prime factors of w?
7, 19
Let i(m) be the third derivative of m**5/30 + m**4/24 - m**2. What are the prime factors of i(-3)?
3, 5
Suppose d = 3*x + x + 60, 0 = -3*x - 12. What are the prime factors of d?
2, 11
Let y(i) = 3*i**2 + 4*i - 3. List the prime factors of y(3).
2, 3
Let a = -12 + -1. Let i = a - -46. What are the prime factors of i?
3, 11
Suppose 0 = -3*i - q + 16, -q - 12 = -4*q. Suppose -i*b = -b - 48. What are the prime factors of b?
2
Suppose -6 = -2*k + 2*r, 3*k - r + 1 = 4*r. List the prime factors of k.
2
Let u(s) = 2*s**3 + s**2 - s. Let f be u(1). Suppose 0 = f*i + 2. List the prime factors of (120/4)/(1 - i).
3, 5
Let p = 31 + 26. Let t = p + -3. List the prime factors of t.
2, 3
Let m(p) = -3*p - 1. Let u be m(-2). Suppose 2*l - 5*d - 16 = 0, -u*l - d = -3*d - 19. List the prime factors of l.
3
Let a = -125 + 198. What are the prime factors of a?
73
Let b(o) = -o - 1. Let h be b(-2). Let z = -3 + h. List the prime factors of 3 + z*(-3)/6.
2
List the prime factors of 4/4*(-1 - -80).
79
Suppose -2*z = 0, 0*p - 5*z = p - 9. Suppose 3*n + 5*s = 5, -5*s + 20 = -0. Let h = n + p. What are the prime factors of h?
2
Let o be (171/(-15) + -1)*-15. List the prime factors of o/14 - (-6)/(-21).
13
Let n(t) = -9*t - 12. Let m be n(-8). Suppose -5*o + 5*h + m = 0, 0 = -o - 0*o + 2*h + 9. List the prime factors of o.
3, 5
Let l(u) = -35*u + 5. Let j(a) = -87*a + 12. Let v(r) = -5*j(r) + 12*l(r). Let g be v(1). Let k = -11 + g. List the prime factors of k.
2
Suppose -5*s - 38 = 37. Let m = -10 - s. 